. What is the greatest common divisor of o and 52?
4
Let l = -8552 + 8577. What is the highest common factor of l and 185?
5
Suppose 45*o - 39*o - 24 = 0. Suppose -2*j + o*j = 4*m + 4, m + 43 = 4*j. What is the highest common factor of j and 12?
12
Suppose -3*d = 3*h - 57435, d - 114*h = -112*h + 19151. Calculate the highest common factor of 41 and d.
41
Let c be (8 - (-123)/(-9))*(-9 - 3). Let g be ((-20)/(-35))/((-8)/(-2380)). What is the greatest common factor of g and c?
34
Suppose -6 + 5 = -k. Let z(m) = -m**2 - 2*m - 1. Let b be z(0). Let y(l) = 11*l**2 + 7*l + 3. Let s be y(b). What is the greatest common divisor of k and s?
1
Let v be (-1)/7*-3 - (55130/(-70) - -44). Calculate the greatest common divisor of v and 5766.
186
Let b be 0/(-8 + 5 - -5). Suppose 0 = 17*s - b*s - 119. Calculate the greatest common divisor of s and 77.
7
Let m(l) = 3*l**3 - 4*l**2 + 45*l - l**3 + 27 + 24*l**2 - 3*l**3. Let x be m(22). What is the highest common factor of x and 21?
7
Let l(h) = -6*h**2 - 2*h + 4. Let d be l(3). Let r = 78 + d. Suppose 5*u + 15 = -5*n, -5*u + 4 = 2*n + 25. Calculate the highest common divisor of r and n.
2
Let f be (56/(-5))/((-1)/5). Suppose -4*g + 242*g - 28812 = 90*g + 50*g. What is the greatest common divisor of f and g?
14
Suppose -705 = -n + 3*i, 10*i + 2799 = 4*n + 5*i. Calculate the greatest common factor of n and 312.
24
Suppose 26*i - 17*i + 99 = 0. Let r = i - -67. Let y be 117/2*r/12. What is the greatest common divisor of 39 and y?
39
Let s = 444 + -975. Let t = -479 - s. What is the greatest common divisor of 325 and t?
13
Suppose 3*i = -5*n + 5 + 1, 3*i = -3*n. Let p = 13 + i. Let l(f) = f**3 - 21*f**2 + 23*f - 50. Let q be l(20). What is the greatest common divisor of q and p?
10
Let z(o) = 8*o + 8. Let n be z(10). Let g(f) = f - 5*f - 7 + f + f. Let b be g(-9). What is the highest common divisor of n and b?
11
Suppose 28 = 2*b + 4*m, -2*m + 193 - 107 = 5*b. What is the highest common divisor of b and 1305?
9
Let r(o) = o**2 + o + 1. Let v be r(0). Let w(k) = -3*k**3 + k**2 + 2. Let x be w(-1). Let d be (-7 + v)/(x/(-4)). What is the highest common factor of 2 and d?
2
Suppose 192 + 96 = 3*w. Suppose 193*b - 2460 = -12*b. Calculate the highest common factor of b and w.
12
Let c be (-3*(-48)/54)/(7/21). Let u be ((-4)/30*3)/(2/(-10)). What is the highest common factor of u and c?
2
Let x be (12/(-6) - -7) + -5 + 6 + 642. What is the greatest common factor of 40 and x?
8
Let q(l) = 13*l**2 + 16*l + 5. Let s be (-3)/(-2)*(13 - 387/27). Let v be q(s). Calculate the greatest common divisor of 15 and v.
5
Let c = -2470 + 3470. What is the highest common factor of 25 and c?
25
Let z = 2010 + -60. Let r be (-15)/(-2)*z/225. What is the greatest common factor of 1040 and r?
65
Let d(s) = -2*s**2 + 17*s + 143. Let h be d(13). Calculate the greatest common factor of 806 and h.
26
Let k = 2551 + -2415. Calculate the greatest common divisor of 850 and k.
34
Suppose -2109 = 54*b - 144*b + 51. Let m be (-845)/(-20) - (-1)/(-4). What is the greatest common divisor of b and m?
6
Suppose h + 986*d - 46 = 982*d, -2*h + 122 = 3*d. What is the highest common factor of 590 and h?
10
Suppose 191*q = -88*q + 156240. Calculate the greatest common factor of q and 4320.
80
Let y be (-21)/((-8)/(-10) + (-14)/(-20)). Let m(o) = 3*o + 68. Let q be m(y). What is the highest common divisor of 169 and q?
13
Let n = 8438 - 7601. Calculate the highest common factor of n and 81.
27
Suppose -3*v = -15, -o - 4*v + 130 = o. Suppose 9*p + 5 = 86. Suppose 506 = p*i + 461. Calculate the greatest common divisor of i and o.
5
Let c be (3944/153 - 26)/((-2)/612). What is the greatest common factor of 51 and c?
17
Suppose -9079*m + 9073*m = -168. Let g = 1 - 3. Let b(i) = -7*i. Let r be b(g). What is the highest common factor of r and m?
14
Suppose 8*t - 100 = -12*t. Suppose 2*z = 5*x - 120 - 70, -5*x - t*z + 190 = 0. What is the greatest common divisor of 57 and x?
19
Suppose -79 - 69 = 2*o. Let f = o - -115. Suppose -11 = -2*v + f. Calculate the highest common divisor of 130 and v.
26
Let g(r) = -5*r**2 + 6*r + 19. Let i be g(-3). Let w be i*(-5)/(-40)*-2. What is the highest common factor of 22 and w?
11
Suppose -3*w + 2*i = 210, -5*i = -0*i. Let g be w/4*(-5 + 126/30). Let k = g + 17. What is the greatest common divisor of k and 248?
31
Suppose -11*t + 22441 = x - 6, x = -t + 2037. What is the greatest common divisor of 52 and t?
13
Let a(y) = -y - 1. Let z = 105 - 104. Let o(u) = 8*u - 11. Let g(l) = z*o(l) + 6*a(l). Let b be g(16). What is the greatest common factor of 120 and b?
15
Let u(z) = 2*z**2 + 6 - z**2 + 59*z - 60*z. Let x be u(2). Let g = 27 + 1. Calculate the highest common divisor of g and x.
4
Let o = -12915 - -13325. What is the greatest common divisor of o and 3526?
82
Let t = -386 + 382. Let x be 1 - (t/(-3))/((-26)/351). What is the highest common factor of 95 and x?
19
Let c = -1582 + 4283. What is the highest common factor of 37 and c?
37
Suppose 0 = -p - 7 + 53. Suppose 2*h = w + 320, -113*h + 109*h = -4*w - 636. What is the greatest common factor of h and p?
23
Let o be (3/((-3)/(-4)))/(2/541). Suppose 3*a - 1636 = -2*u, 0*a = -2*a + 3*u + o. What is the greatest common divisor of 17 and a?
17
Let d(q) = -340 + 166 + 6*q + 155. Let t be d(4). Let l = 54 - 19. Calculate the greatest common factor of l and t.
5
Let f = -114 + 202. Suppose 6897 = 107*q - f*q. What is the highest common divisor of 99 and q?
33
Let u(c) = 52*c**2 - 102*c + 627. Let j be u(6). Calculate the highest common factor of 714 and j.
51
Let n = -80 - -179. Let q = -60 + 78. Suppose 0 = 9*c - 7*c - q. Calculate the greatest common divisor of n and c.
9
Let h(u) = -2*u**3 - 11*u**2 - 2*u + 8. Let j be h(-8). Suppose 232 = 18*t - j. What is the highest common divisor of 96 and t?
32
Let y = -4227 + 4695. What is the highest common divisor of y and 684?
36
Suppose -4 = -t + 2*t. Let w be (t - -1) + (-9)/(-3). Suppose r + 5*n = -w*n, 2*r - 48 = 2*n. What is the greatest common factor of r and 20?
20
Let z(t) = 2*t**2 - 3*t + 2. Let b be z(5). Let q = b - 23. Let d(h) = h**2 + 8*h + 2. Let k be d(3). Calculate the greatest common divisor of q and k.
7
Suppose -142 - 38 = 5*l. Let b = -4 - 43. Let u = l - b. What is the greatest common divisor of 55 and u?
11
Let j = 2 + 0. Let x be 359/7 + j/(-7). Let d = -10206 + 10223. What is the greatest common divisor of d and x?
17
Let t = 281 + -281. Suppose 8*i - 650 - 182 = t. What is the greatest common divisor of 468 and i?
52
Let d be (14/8)/((-13)/(-572)). Let z = 1311 - 1267. What is the greatest common divisor of z and d?
11
Suppose -33 = 3*m - 285. Let s = -39076 - -39300. What is the highest common factor of m and s?
28
Let g = 84 - 42. Let p = 26 - 51. Let v = p - -37. What is the highest common divisor of g and v?
6
Let h(j) = j**3 - 27*j**2 - 17*j - 176. Let v be h(28). Suppose 2*t - 60 = t. Calculate the greatest common divisor of v and t.
12
Suppose 0 = -80*z + 93*z - 5265. Let j = z + -379. What is the highest common divisor of j and 13?
13
Suppose -6*b + 22 = -14. Let w = 8 - b. Suppose -w*h = -8 + 4. Calculate the highest common factor of h and 2.
2
Let b be 52/65*1/(-2) - (-117742)/5. Calculate the greatest common factor of b and 116.
116
Let r(m) = -m**3 + 9*m**2 + m + 1. Let c be r(9). Let a(g) = 11*g**2 + 304*g - 305. Let y be a(1). Calculate the highest common factor of c and y.
10
Let i be 143/5 + 165/(-275). Let a be 7 + (1 - i*-2). What is the highest common factor of 160 and a?
32
Let d be 8/140*-5 - (-2)/7. Suppose d = -5*n - 6 + 31. Suppose 2 + 2 = -p, -3*p - 7 = n*h. What is the greatest common factor of h and 4?
1
Let n be (10 + -14 + 5)/(2/4) - -55. Calculate the highest common divisor of n and 418.
19
Let o = 16749 + -16384. Calculate the greatest common factor of 145 and o.
5
Let w(m) = -m**3 + 3*m**2 - m + 3. Let a be w(3). Suppose -5*b - 183 + 233 = a. Calculate the greatest common factor of b and 50.
10
Let p(z) = 4*z**3 - 10*z**2 + 2*z - 7. Let i be p(3). Suppose i*k - 18*k + 8 = 4*c, 2 = c + k. What is the highest common factor of c and 84?
2
Let r(n) = n**3 + 50*n**2 - 130*n - 819. Let p be r(-52). Calculate the greatest common divisor of 598 and p.
13
Suppose -4*m - 3*c = -702, 7*m 